 multiple of 16?
False
Let m(q) = -5*q + 1 + 5*q + 10*q**2 + 0*q**2 + q. Is 5 a factor of m(-1)?
True
Suppose o + 22 = -w + 6*o, 5*w - 2*o = 5. Is ((-22)/(-8))/(w/36) a multiple of 11?
True
Suppose -30 = -4*d + 2. Let z(t) = t**3 - 8*t**2 + 3*t - 1. Does 17 divide z(d)?
False
Let p = 185 - 117. Is p a multiple of 34?
True
Suppose 5*s - 422 = -37. Is s a multiple of 17?
False
Suppose -3*m + 9 = 2*r, 3*m + r + 9 = 5*r. Does 6 divide 19 - (1 - -1 - m)?
True
Let o(g) = -2*g - 10. Is o(-7) even?
True
Let p(q) = -q**3 - 7*q**2 - q + 5. Let g be p(-5). Is 8 a factor of (-1 - 2/(-4))*g?
False
Let w = -10 + 52. Is w a multiple of 6?
True
Suppose -6*v + v - 20 = 0. Is 6 a factor of (-53)/v - 1/4?
False
Suppose -5 = -g + 69. Suppose 3*v + 3*b - 66 = 0, -2*v + 3*b + g = 2*v. Does 7 divide v?
False
Let s = -74 - -130. Let a = 3 + -43. Let x = s + a. Is 8 a factor of x?
True
Let a = 15 - 11. Suppose -10 = a*c - 270. Is 15 a factor of c?
False
Is 54*(4 + (-12)/8) a multiple of 15?
True
Let r(s) = 6*s + 1. Let l(b) = b - 1. Let v(f) = -4*l(f) - r(f). Is 6 a factor of v(-4)?
False
Suppose 3*g = v - 91, 3*g = 4*v - 46 - 363. Is v a multiple of 28?
False
Suppose 4*o - 13 = 3*d - 0, 5*d + 5*o + 10 = 0. Let q = d + 3. Suppose q*r - 41 = -r. Is r a multiple of 15?
False
Suppose 3*a - 2*a - 5 = 0. Suppose a*t = 6*t - 24. Does 5 divide t?
False
Let l(n) = n + 4. Let y be l(3). Let h = -10 + y. Let o(u) = 4*u**2 + 2*u - 4. Is 9 a factor of o(h)?
False
Let y be (-2)/(-4)*(-82 + -2). Let k = -10 - y. Is 16 a factor of k?
True
Let w = -4 - 78. Let i = -27 - w. Does 17 divide i?
False
Suppose -5*n - 2*j = 2*j, 0 = -2*n - 4*j - 12. Suppose -2*s + 32 = -2*q, s + n*q - 8 = 3*q. Does 5 divide s?
False
Let p(a) = a**3 - 6*a**2 - 7*a + 15. Is p(7) a multiple of 5?
True
Let r be (-10)/3*6/(-4). Let m = 1 + 1. Suppose m*b - b = r. Is b a multiple of 3?
False
Let c = -7 - -13. Let k be ((-18)/(-4))/(c/(-8)). Is (3/(-2))/(k/8) even?
True
Let o(l) = 3*l**2 - 3*l - l - l**2. Is o(4) a multiple of 6?
False
Suppose 329 + 67 = 4*g. Is g a multiple of 33?
True
Suppose 2*x + x = -12. Let r(d) = 3*d**2 + 5*d + 1. Is 10 a factor of r(x)?
False
Suppose 0 = 3*o + 3*g + 33, -1 = 5*g + 14. Let l = o - -40. Does 16 divide l?
True
Let m(b) = b + 7. Let w(d) = -2*d + 3. Let h be w(4). Let x be m(h). Suppose 3*j + 2*t - 12 = x, 4*j = t + 37. Is 4 a factor of j?
True
Let g(h) = -19*h**3 - 1. Is g(-1) a multiple of 4?
False
Let c be ((3 - 3)/2)/(-2). Let j be (33 - c) + 5 + -2. Is -1 - ((2 - j) + 3) a multiple of 10?
True
Let r be (-1 - 0)/((-4)/12). Suppose -g = -r*g + 10. Suppose g*o + 8 = -a, o = 2*o + 4. Does 6 divide a?
True
Let p = -17 - -39. Is 7 a factor of 4/p - (-1149)/33?
True
Does 17 divide 106/((-2)/(-6)*(-24)/(-4))?
False
Suppose 0*g - 4*j + 4 = 2*g, 3*g - 3*j + 3 = 0. Is (-2)/((-2)/19 - g) a multiple of 7?
False
Let s be -3*(-1 - (-73)/3). Is (-4)/(3 + s/22) a multiple of 17?
False
Does 8 divide (-5 - 3)*(-4 - (5 + -1))?
True
Let z(m) = -m**2 + 8*m - 2. Suppose -4*g = -0*g - 24. Does 10 divide z(g)?
True
Does 13 divide 1/(4/308) - -1?
True
Suppose x + 256 = 2*a, 2*a - 2*x = -a + 382. Does 27 divide a?
False
Let l(o) = o**3 - o**2 + o + 54. Let t be l(0). Let p = 35 - 49. Let u = t + p. Is u a multiple of 14?
False
Let r(n) = -282*n**3 - 3*n**2 - 3*n - 2. Does 35 divide r(-1)?
True
Let s be (2 + -1)/((-13)/(-65)). Suppose -s*k - 94 = -3*v, -3*k + k - 182 = -5*v. Does 19 divide v?
True
Let u(a) = -a**2 - 11*a - 4. Does 6 divide u(-7)?
True
Suppose 11*i - 6*i = 465. Is i a multiple of 9?
False
Let w be 9/4*16/(-6). Let g = 16 + w. Suppose 2*o - 18 - g = 0. Is 8 a factor of o?
False
Suppose 3*f - 10 = -4. Let g = f - -12. Is 4 a factor of g?
False
Suppose 16 + 9 = 5*d. Suppose d*h = -15, -2*o + 4*o = 5*h + 31. Is 8 a factor of o?
True
Suppose -4*d = 5*r + 1 + 1, -3*d - 7 = r. Let j(y) = y**3 + 4*y**2 + 4*y + 2. Let f be j(d). Is 6 a factor of f - (-12 - (3 + -2))?
True
Suppose 2*c = 4*c - 2*s - 86, -s + 1 = 0. Let v = c - 4. Is 20 a factor of v?
True
Is 39 a factor of (6 - -252)*2/4?
False
Suppose 0 = 5*q + 8 + 7. Let o(l) = -l - 3. Let m be o(q). Let t(d) = d + 18. Does 13 divide t(m)?
False
Let l be 2/6*3 - 4. Let n = 5 + l. Let m = n - -6. Is m a multiple of 4?
True
Suppose -10 = 5*x + 4*v, 2*x + 4*v + 2 = -14. Suppose x*o - 5*r - 20 = 0, 0 = o - 2*o - r + 3. Let z = o - -46. Is z a multiple of 17?
True
Suppose 47 = 2*z - 9. Let p = -15 + z. Does 13 divide p?
True
Is 10 a factor of 8/16 + 78/4?
True
Suppose 6 = 3*p - 0. Suppose -3*h + 60 = p*h. Is 4 a factor of h?
True
Suppose 4*c = y + 2*y - 170, -c = 4*y - 195. Let i = y + 37. Suppose -i = -4*d - l, -4*d + 3*l + 2*l = -93. Is 11 a factor of d?
True
Let i(g) = -g**2 + 7*g - 1. Let a be i(6). Suppose -8 - 67 = -a*r. Does 15 divide r?
True
Is 23 a factor of 6/(-21) - (-1455)/21?
True
Let f(s) = s**3 - 6*s**2 + 7*s + 9. Is f(7) a multiple of 17?
False
Suppose -8*l + 104 = -280. Is 16 a factor of l?
True
Let x(t) be the third derivative of t**6/120 - t**5/15 - t**4/8 - t**3 + 2*t**2. Is 4 a factor of x(5)?
True
Let j(r) = r**2 - 3*r + 9. Suppose 0 = 5*i - 12 - 3. Is 6 a factor of j(i)?
False
Suppose 0*f + 3*f = 0. Suppose 0*r + 2*h = 2*r - 6, 5*r + h - 9 = f. Is 2 a factor of r?
True
Suppose -3*m + 217 = 16. Does 15 divide m?
False
Suppose 0 = -5*h + 10*h - 420. Suppose 5*g - 206 = h. Does 20 divide g?
False
Let l be 1/(-1*(-2)/12). Is ((-3)/l)/(1/(-12)) even?
True
Let f be (-8)/(0 - (3 - 1)). Suppose -4*j - f = 2*x + 2*x, x = -4*j - 7. Let h(d) = 11*d**3 + d - 1. Does 3 divide h(x)?
False
Let l be (54/(-24))/(2/(-16)). Let n = l - 9. Is n a multiple of 9?
True
Let j = 16 - 5. Suppose j = 2*f + 1. Is f a multiple of 3?
False
Let u(v) = -8*v - 3 + 6*v + 4*v + 1. Is 4 a factor of u(7)?
True
Is 11 a factor of (-326)/(-10) + (-66)/(-15) + -4?
True
Is (-61)/(-7) - (-18)/63 a multiple of 9?
True
Is (-36)/20*(-30)/2 a multiple of 9?
True
Let q(n) = 38*n**2 + 1. Let p be q(-1). Let t = p + -21. Let x = t - -28. Is 13 a factor of x?
False
Let g(j) = 8*j**3 - j**2. Let r be g(1). Let h = 13 - r. Is h a multiple of 4?
False
Let i = 8 + -62. Suppose 6*c - c = k - 137, -2*k - 62 = 2*c. Let v = c - i. Is 13 a factor of v?
True
Let n(u) = u + 6. Let r be n(-8). Let q(c) = 8*c + 1. Let z be q(r). Let p = 44 - z. Is p a multiple of 20?
False
Suppose 62 - 394 = -5*a + 2*q, 3*a = -2*q + 196. Is a a multiple of 22?
True
Is 10 a factor of 385/10 - -4 - (-2)/4?
False
Suppose 2*m - c = 44, -2*m + 8 = -2*c - 34. Is m a multiple of 12?
False
Suppose 3*g = -2 + 5. Suppose g = b - 2. Suppose -25 + 4 = -b*o. Is 6 a factor of o?
False
Let m(v) = v**3 - 10*v**2 - 10*v - 11. Let r be m(11). Suppose -2*q + 87 + 95 = r. Suppose -c + a = -11, 6*c + 4*a = c + q. Is 4 a factor of c?
False
Let n = -295 - -666. Does 53 divide n?
True
Let g(d) = 4 - 5 + 12*d**2 - 5*d**2 + 2*d. Is g(1) a multiple of 2?
True
Let z be 1/3*0*-1. Suppose -f - 2*w = 3*w + 10, z = -5*f + 4*w + 66. Is 10 a factor of f?
True
Let h = -100 - -145. Is h a multiple of 15?
True
Let l(x) = -x**2 + 4*x - 3. Let p be l(-7). Let c = p + 122. Is 14 a factor of c?
True
Let q(w) = -5*w - 1. Let s be q(-1). Suppose -s*p - m = m - 26, 5*p = 2*m + 19. Is (-44)/(-2) + (p - 3) a multiple of 12?
True
Let z be 28/7*5/4. Suppose -2*i + 17 = 2*t - 11, -4*t + 29 = -z*i. Is 11 a factor of t?
True
Suppose -2 = 2*u - 6. Suppose 2*v - 5*k + 0*k - 170 = 0, u*k = -5*v + 396. Is 28 a factor of v?
False
Let o(l) = l**3 - 7*l**2 + 6*l - 7. Let a be o(6). Is ((-1)/(-1))/(a/(-21)) a multiple of 3?
True
Let a(x) = x**3 + 15*x**2 - 27*x + 26. Does 17 divide a(-16)?
False
Suppose -6 = 3*w + 3. Let i(h) = h**3 + 3*h**2 + 5*h - 4. Let p(c) = 2*c**3 + 2*c**2 + 6*c - 4. Let n(l) = w*i(l) + 2*p(l). Does 22 divide n(6)?
True
Suppose -1 = -2*a + 1. Suppose -a = b + 7. Is 10 a factor of -2 + (2 - -2) - b?
True
Let b = 7 - 5. Suppose -5*n + 0*n = b*x - 34, 4*n = 3*x - 97. Is 9 a factor of x?
True
Is -112*(2 + -4 + 1) a multiple of 28?
True
Let w be 3/(2/(-7088)*6). Is w/(-36) + (-6)/27 a multiple of 30?
False
Suppose -u + 0*b + 12 = 4*b, 4*u + 6 = 2*b. Suppose -6*l + 3*v + 9 = -2*l, 0 = v - 1. Suppose -x = x - l*g + 1, 3*x - 2*g - 6 = u. Is 4 a factor of x?
True
Suppose -4*m = -3*d + 19, -3*d + 31 = -m + 3*m. Let f = 125 - d. Suppose -2*l - 5